 7, 94613
What are the prime factors of 115023?
3, 23, 1667
What are the prime factors of 9467019?
3, 53, 89, 223
What are the prime factors of 3652913?
11, 83, 4001
What are the prime factors of 18734684?
2, 19, 246509
What are the prime factors of 18259659?
3, 11, 184441
What are the prime factors of 238181?
238181
What are the prime factors of 133577?
223, 599
What are the prime factors of 499910?
2, 5, 49991
What are the prime factors of 24895464?
2, 3, 11, 181, 521
List the prime factors of 1096467.
3, 365489
List the prime factors of 474803.
7, 67829
List the prime factors of 4557270.
2, 3, 5, 151909
What are the prime factors of 399188?
2, 23, 4339
List the prime factors of 74175.
3, 5, 23, 43
What are the prime factors of 329479?
19, 17341
What are the prime factors of 109245?
3, 5, 7283
List the prime factors of 5857163.
13, 17, 1559
List the prime factors of 852933.
3, 284311
What are the prime factors of 1696056?
2, 3, 17, 4157
What are the prime factors of 1806687?
3, 197, 1019
List the prime factors of 362770.
2, 5, 36277
What are the prime factors of 9536944?
2, 596059
List the prime factors of 997033.
17, 223, 263
List the prime factors of 2427875.
5, 19423
What are the prime factors of 73615?
5, 14723
What are the prime factors of 2355171?
3, 7, 13, 8627
What are the prime factors of 389320?
2, 5, 9733
What are the prime factors of 74272?
2, 11, 211
What are the prime factors of 2095464?
2, 3, 7, 12473
List the prime factors of 176909.
19, 9311
List the prime factors of 725040.
2, 3, 5, 19, 53
List the prime factors of 24917.
24917
List the prime factors of 3242457.
3, 120091
What are the prime factors of 876491?
7, 11, 11383
List the prime factors of 1092367.
19, 57493
What are the prime factors of 5535112?
2, 11, 31, 2029
List the prime factors of 12618604.
2, 419, 7529
What are the prime factors of 27716878?
2, 7, 139, 14243
List the prime factors of 967430.
2, 5, 89, 1087
List the prime factors of 1206128.
2, 7, 11, 89
What are the prime factors of 5602697?
5602697
What are the prime factors of 713716?
2, 19, 9391
What are the prime factors of 203776?
2, 199
List the prime factors of 590266.
2, 29, 10177
What are the prime factors of 3724796?
2, 931199
What are the prime factors of 3831551?
73, 719
List the prime factors of 1580168.
2, 197521
List the prime factors of 783550.
2, 5, 15671
What are the prime factors of 10672712?
2, 509, 2621
What are the prime factors of 680347?
680347
What are the prime factors of 1027007?
19, 191, 283
What are the prime factors of 6223407?
3, 419, 4951
What are the prime factors of 272579?
37, 53, 139
List the prime factors of 641053.
7, 17, 5387
List the prime factors of 857706.
2, 3, 163, 877
What are the prime factors of 285846?
2, 3, 11, 61, 71
What are the prime factors of 5935595?
5, 109, 10891
List the prime factors of 14361815.
5, 13, 19, 29, 401
What are the prime factors of 680866?
2, 277, 1229
What are the prime factors of 455821?
17, 26813
What are the prime factors of 1416610?
2, 5, 13, 17, 641
List the prime factors of 2091512.
2, 261439
What are the prime factors of 979?
11, 89
List the prime factors of 1334859.
3, 444953
List the prime factors of 3502226.
2, 7, 13, 2749
What are the prime factors of 2122648?
2, 11, 24121
List the prime factors of 293367.
3, 97789
What are the prime factors of 1089027?
3, 23, 5261
List the prime factors of 206804.
2, 13, 41, 97
What are the prime factors of 946512?
2, 3, 7, 313
List the prime factors of 11033398.
2, 29, 181, 1051
List the prime factors of 55700.
2, 5, 557
What are the prime factors of 16040?
2, 5, 401
List the prime factors of 1022140.
2, 5, 7, 149
What are the prime factors of 6092513?
7, 124337
What are the prime factors of 9835587?
3, 31, 3917
List the prime factors of 485226.
2, 3, 7, 3851
What are the prime factors of 1959315?
3, 5, 130621
List the prime factors of 1970455.
5, 577, 683
List the prime factors of 2995971.
3, 11, 90787
List the prime factors of 9022083.
3, 7, 61, 7043
List the prime factors of 1947103.
113, 17231
List the prime factors of 889046.
2, 444523
What are the prime factors of 80077?
80077
What are the prime factors of 8905074?
2, 3, 151, 9829
List the prime factors of 433332.
2, 3, 12037
What are the prime factors of 2980769?
11, 233, 1163
What are the prime factors of 11298994?
2, 7, 807071
List the prime factors of 539388.
2, 3, 14983
What are the prime factors of 4936627?
67, 73681
List the prime factors of 1060522.
2, 530261
What are the prime factors of 3583728?
2, 3, 41, 607
List the prime factors of 3583412.
2, 7, 127979
What are the prime factors of 52968?
2, 3, 2207
What are the prime factors of 1362584?
2, 17, 43, 233
What are the prime factors of 1517023?
1517023
List the prime factors of 211099.
7, 53, 569
List the prime factors of 2525846.
2, 41, 30803
List the prime factors of 6395809.
7, 913687
What are the prime factors of 769144?
2, 79, 1217
List the prime factors of 3699739.
71, 107, 487
What are the prime factors of 11462603?
11462603
What are the prime factors of 723441?
3, 151, 1597
List the prime factors of 10545559.
17, 71, 8737
What are the prime factors of 439428?
2, 3, 11, 3329
What are the prime factors of 2622509?
181, 14489
What are the prime factors of 2364691?
7, 48259
What are the prime factors of 19843047?
3, 7, 29, 10861
List the prime factors of 3128716.
2, 79, 9901
List the prime factors of 5089948.
2, 19, 66973
List the prime factors of 25075151.
251, 99901
What are the prime factors of 2333317?
7, 333331
List the prime factors of 1557797.
1557797
List the prime factors of 27738567.
3, 37, 83299
List the prime factors of 41691118.
2, 7, 2977937
List the prime factors of 38896.
2, 11, 13, 17
List the prime factors of 19893669.
3, 6631223
List the prime factors of 139716.
2, 3, 3881
List the prime factors of 15997382.
2, 7998691
List the prime factors of 119179.
119179
What are the prime factors of 78927?
3, 26309
List the prime factors of 4315909.
13, 17, 59, 331
What are the prime factors of 1736136?
2, 3, 24113
What are the prime factors of 45613?
45613
What are the prime factors of 305413?
305413
What are the prime factors of 3363584?
2, 7, 1877
What are the prime factors of 23437?
23, 1019
List the prime factors of 37765498.
2, 83, 2741
List the prime factors of 316850.
2, 5, 6337
What are the prime factors of 2292811?
179, 12809
What are the prime factors of 173437?
11, 15767
What are the prime factors of 366162?
2, 3, 61027
What are the prime factors of 3869428?
2, 23, 137, 307
What are the prime factors of 4252205?
5, 853, 997
What are the prime factors of 318678?
2, 3, 53113
List the prime factors of 439968.
2, 3, 4583
What are the prime factors of 1461733?
7, 13, 16063
List the prime factors of 1386454.
2, 281, 2467
What are the prime factors of 424094?
2, 11, 37, 521
List the prime factors of 223342.
2, 7, 43, 53
List the prime factors of 466091.
466091
List the prime factors of 2877683.
19, 311, 487
List the prime factors of 50826.
2, 3, 43, 197
List the prime factors of 569989.
7, 107, 761
What are the prime factors of 376891?
376891
What are the prime factors of 579067?
359, 1613
List the prime factors of 12372509.
857, 14437
List the prime factors of 68983.
101, 683
What are the prime factors of 1938680?
2, 5, 17, 2851
List the prime factors of 264563.
13, 47, 433
What are the prime factors of 5241631?
23, 349, 653
What are the prime factors of 9884172?
2, 3, 307, 2683
What are the prime factors of 10475858?
2, 5237929
What are the prime factors of 703879?
11, 61, 1049
List the prime factors of 7286563.
659, 11057
List the prime factors of 727020.
2, 3, 5, 7, 577
What are the prime factors of 493269?
3, 7, 83, 283
List the prime factors of 160525.
5, 6421
List the prime factors of 999798.
2, 3, 281, 593
List the prime factors of 198242.
2, 11, 9011
List the prime factors of 438894.
2, 3, 37, 659
What are the prime factors of 212633?
212633
List the prime factors of 6387355.
5, 13, 7559
List the prime factors of 746356.
2, 13, 31, 463
List the prime factors of 726623.
726623
What are the prime factors of 167705?
5, 17, 1973
What are the prime factors of 294891?
3, 98297
What are the prime factors of 6607495?
5, 31, 47, 907
What are the prime fa